 remainder when 6884 is divided by g(3)?
134
Suppose -33 = -120*z + 117*z. Let l = -83 + z. Let j = 104 + l. What is the remainder when j is divided by 18?
14
Suppose 0 = g - 3*b - 18, -g + 0*b = 3*b + 12. Calculate the remainder when (-18*6/(-20))/((-43)/(-430)) is divided by (3 - 7/g)*12.
6
Suppose -4*y = 88*b - 84*b - 28, -3*b + 3*y = -3. Calculate the remainder when 1264 is divided by b.
0
Suppose 5*r = r - 16, -5*q + 35 = -5*r. Suppose 247 = 2*f - q*g, 189 = 4*f - 5*g - 308. Calculate the remainder when f is divided by 33.
29
Let c(f) = 5*f**3 + 2*f**2 - 8*f - 262. Let t(x) = -3*x**3 - x**2 + 9*x + 265. Let y(o) = 2*c(o) + 3*t(o). What is the remainder when y(0) is divided by 34?
33
Let t(z) = 15*z**2 + 255*z - 21 - 19 - 30 + 76. What is the remainder when ((-22)/6)/((-1)/9) is divided by t(-17)?
3
Suppose q = -q + 10. Let u(t) = -3849*t - 30693. Calculate the remainder when u(-8) is divided by q.
4
Let p(r) be the second derivative of 11*r**5/10 + 5*r**4/12 - r**3/3 - r**2 - 247*r. What is the remainder when 178 is divided by p(1)?
17
Let f(u) = u**2 - 8*u + 6. Let m be 3 + (-7)/2 + 35/(-10). Calculate the remainder when f(m) is divided by 19.
16
Suppose -2*t = -2*p + 2*t + 6178, -6*p + 18429 = 3*t. Calculate the remainder when p is divided by 171.
168
Let z = 2534 - 2452. What is the remainder when z is divided by 73?
9
Let c be (-16)/10*(0 + 20/(-8)). Suppose -c*n = s - 73, 2*n + 3*n + s = 90. What is the remainder when 131 is divided by n?
12
Let u = -163 + 176. Calculate the remainder when u is divided by 12.
1
Let h(a) = -a**3 - 48*a**2 + 145*a - 178. What is the remainder when h(-51) is divided by 145?
85
Let a(b) = 5*b**2 - 20*b - 9. What is the remainder when 2 + (4 - 2) + 22 is divided by a(5)?
10
Let v(d) = -d**2 + 6*d + 19. Let z be v(8). Suppose -z*g + 3*n + 81 = 0, g - 15 = 3*n + 22. Calculate the remainder when g is divided by 5.
2
Let i(y) = 118*y - 112. Let j be i(7). Suppose 0 = -5*p - 9*p + j. What is the remainder when 251 is divided by p?
47
Suppose 0 = 4*k + p - 1009, 0*k - 738 = -3*k + 3*p. Let c(m) = -17*m - 26. Suppose -36 = 17*h - 8*h. What is the remainder when k is divided by c(h)?
41
Let i = -22 + 46. Suppose 4*x + 168 = -1140. Let y = 332 + x. Calculate the remainder when i is divided by y.
4
Let c = -54 + 56. Let b be 6 + -8 - (-8)/c. Suppose d = 2*w + 28, -b + 46 = 3*d + 2*w. What is the remainder when d is divided by 5?
3
Suppose 0 = 101*s + 527 - 5678. What is the remainder when 21*(116/(-3))/(-2) is divided by s?
49
Let i be 496/217 + 4/(-14). Suppose -10*l - 493 = -5*y - 11*l, 0 = 4*y + i*l - 392. Calculate the remainder when y is divided by 25.
24
Suppose n + 2*r - 734 = 0, 2675*n = 2672*n - 2*r + 2214. Calculate the remainder when n is divided by 14.
12
Let u(k) = 6*k**2 - 7*k. Suppose w = -3*j + 83 - 39, -2*j = -w - 11. Calculate the remainder when u(-5) is divided by w.
9
Suppose 2*q - 7*q = 55. Let s(m) = 6*m + 79. Calculate the remainder when 45 is divided by s(q).
6
Let k(j) = 26*j - 24. Let t(r) = -r**2 + 10*r - 17. Let w be t(4). Let x be k(w). Let u = 263 - x. Calculate the remainder when u is divided by 27.
24
Let w = 310 + -298. Suppose -69 = -4*d - 3*i, 0 = d + i - w - 6. Calculate the remainder when 703 is divided by d.
13
Suppose -5*p = 2*t + 145, -12 = 2*p - 5*t + 17. Calculate the remainder when 103 is divided by p*(-12)/18 - -3.
19
Let s(c) = 49*c**2 - 4*c + 7. Let l be s(2). Suppose -l*i + 124 = -191*i. Calculate the remainder when 369 is divided by i.
28
Suppose 26073 = 21*b - 2571. Calculate the remainder when b is divided by 39.
38
Let x be 12/(-15)*240/(-16). Let z(r) = 6*r - 12. What is the remainder when z(x) is divided by 5?
0
Let d(m) be the second derivative of -m**5/20 + 3*m**4/4 + 5*m**3/6 - 10*m**2 + 4*m + 7. What is the remainder when 73 is divided by d(9)?
23
Suppose -5*c - 2*i = -1664, -2*i - 156 - 184 = -c. Suppose 2*d - 48 = -d. Calculate the remainder when c is divided by d.
14
Suppose 286 = 11*g - 110. What is the remainder when 11/(2 + g/(-20)) is divided by 14?
13
Let f be 36/(-30)*(-25)/(-10)*-4. Suppose 15*w - 3*l - f = 14*w, 12 = 3*l. What is the remainder when 27 is divided by w?
3
Suppose 7*b = 15*b - 56. Suppose 21 = 2*r - h, b*r - 2*r - 51 = h. Suppose 0 = 3*z - 4*z + 26. What is the remainder when z is divided by r?
6
Let w = -5336 + 5769. Calculate the remainder when w is divided by 70.
13
Let k(f) = -f**2 + 74*f - 1005. What is the remainder when k(50) is divided by 63?
6
Let n(f) = 1 + 6*f + 6*f**2 - 2*f**2 - 3*f**2 + 5. Calculate the remainder when (-84)/(0 - -4)*(-16 + 15) is divided by n(-6).
3
Let x(a) = -14*a - 14. Suppose 4*p - 146 = -2*k, -5*k - 21*p + 313 = -24*p. What is the remainder when x(-9) is divided by k?
47
Let u = -8407 + 8498. Calculate the remainder when 273 is divided by u.
0
Suppose -1657 - 880 - 2468 = -35*t. What is the remainder when 295 is divided by t?
9
Suppose -19 = -x + 16. Suppose x*p + 75 = 40*p. What is the remainder when (-38)/(-285) - (1466/p)/(-2) is divided by 9?
4
Let w = 39 - 27. Suppose 3*h + 3*j = -345, -h + 2*j - 610 = 4*h. Let u = -37 - h. Calculate the remainder when u is divided by w.
11
What is the remainder when (-1)/(3/(-3510)) + (-13)/((-52)/16) is divided by 56?
54
Let c = -2171 - -2192. Calculate the remainder when 698 is divided by c.
5
Let d = -6129 - -6450. What is the remainder when d is divided by 155?
11
Let f be 2/(0 + -2 + 4). Calculate the remainder when (-12)/8 + (-77)/(-2) is divided by 2*f/(-13) - 132/(-13).
7
Suppose -1067*w + 1063*w = -28. Suppose w = 3*o - 128. What is the remainder when 1033 is divided by o?
43
Suppose -33*w - 688 + 3757 = -1122. What is the remainder when 614 is divided by w?
106
Let r = 6625 + 7176. What is the remainder when r is divided by 14?
11
Calculate the remainder when ((-458)/6)/((-8)/(23 + 1)) is divided by 34.
25
Let a(h) = 77*h**2 - 42*h + 126. What is the remainder when a(5) is divided by 601?
38
Suppose -4*y - 3*a + 80 = 0, -3*y + 5*y - 50 = a. Suppose -10*x = 4 + 16. What is the remainder when 68*2*(-2 - 5/x) is divided by y?
22
Let j(o) = -o**3 + 5*o**2 - 14*o + 4. Let i be j(4). Let d = 45 + i. Calculate the remainder when (-2 - (-128)/(-6))*6/(-5) is divided by d.
1
Let z(h) = -89*h**3 - 16*h**2 - 49*h - 2. What is the remainder when z(-2) is divided by 90?
24
Let b(q) = -q**3 + 12*q**2 - 19*q + 25. Calculate the remainder when 494 is divided by b(6).
113
Let h be -153*(2/(-5) - (-12)/(-45)). Suppose h = 2*w + 4*a, 7*w = 2*w + 2*a + 195. Suppose -236 = -5*v - w. Calculate the remainder when v is divided by 8.
7
Let k = -6561 - -6627. What is the remainder when 848 is divided by k?
56
Let y(h) = -h**3 + 4*h**2 + 2*h - 4. Let a = -40 + 43. Let q be y(a). Suppose -4*n = -q - 1. Calculate the remainder when 23 is divided by n.
2
Suppose -45123 = -94*u + 5*u. Calculate the remainder when u is divided by 127.
126
Let d = 199 - 142. Let u = -154 - -156. Let l(v) = 4*v**3 - 6*v**2 + 3*v - 2. What is the remainder when d is divided by l(u)?
9
Suppose 129*o - 3328 = 113*o. Suppose 5*n + 550 = 5*l, -6*l = -8*l - 4*n + o. What is the remainder when l is divided by 30?
18
Suppose -2*m = 2*m - 4. Suppose -a - 196 = 48*a. Calculate the remainder when 9 is divided by -1 - 1/(m/a).
0
Let v(g) = 10*g + 11. Let l = -71 - -58. Let y(n) = -n**2 - 14*n + 10. What is the remainder when v(8) is divided by y(l)?
22
Suppose -210 = 173*y - 179*y. Let o = 313 + -174. Calculate the remainder when o is divided by y.
34
Suppose 0 = 5*f - 3*b - 0*b - 510, 4*b - 475 = -5*f. What is the remainder when f is divided by 6 - 4 - -4 - (-184)/46?
9
Let p = -65 - -44. Suppose -y = -3*q + 24 + 42, 4*q - 88 = -3*y. What is the remainder when (1041/24)/1 + p/56 is divided by q?
21
Let f(o) = -o**2 + 44*o - 91. Let n(r) = -r**3 + 4*r**2 + 10*r + 7. Let y be n(-3). Calculate the remainder when f(y) is divided by 40.
29
What is the remainder when (-70072)/(-30) - 180/(-675) is divided by 36?
32
Suppose 27*o - 59*o + 2464 = 0. Calculate the remainder when 2539 is divided by o.
75
Let r(g) = -36*g**3 + g**2 + 12*g - 24. Let i(w) = 11*w**3 - 4*w + 8. Let d(l) = 7*i(l) + 2*r(l). What is the remainder when d(2) is divided by 17?
14
Let q be 7*-4*4/16. Calculate the remainder when 218 is divided by